{"id":156,"date":"2017-02-03T14:20:35","date_gmt":"2017-02-03T13:20:35","guid":{"rendered":"http:\/\/clementavocats.com\/?page_id=156"},"modified":"2025-01-16T14:51:10","modified_gmt":"2025-01-16T13:51:10","slug":"solene-clement-lab-ft","status":"publish","type":"page","link":"https:\/\/clementavocats.com\/index.php\/solene-clement-lab-ft\/","title":{"rendered":""},"content":{"rendered":"<h6><\/h6>\n<p><img loading=\"lazy\" decoding=\"async\" class=\"aligncenter\" src=\"http:\/\/clementavocats.com\/wp-content\/uploads\/2017\/02\/Sol\u00e8ne_CLEMENT-LAB-FT-300x284.jpg\" alt=\"\" width=\"300\" height=\"284\" \/><\/p>\n<h1><\/h1>\n<p>D&#8217;une expertise LCB-FT d\u00e9velopp\u00e9e depuis plus de 10 ans, son exp\u00e9rience inclut :<\/p>\n<p style=\"text-align: justify;\">La cr\u00e9ation de l&#8217;Observatoire de la lutte anti blanchiment et contre le financement du terrorisme \u00ab OLAB \u00bb, premi\u00e8re association professionnelle sur la LCB-FT. Rassemblant de nombreux syndicats professionnels et des professionnels de la LCB-FT, OLAB organise des rencontres avec les acteurs de la LCB-FT notamment la DG Tr\u00e9sor ou TRACFIN ainsi que des conf\u00e9rences, pr\u00e9sentation compl\u00e8te <a href=\"http:\/\/www.olab-amlo.org\/\">ici<\/a>.<\/p>\n<p style=\"text-align: justify;\">La participation \u00e0 l&#8217;outil digital <a href=\"https:\/\/www.eunomart.com\/\">Eunomart<\/a> qui aide les marchands d\u2019art dans la mise en \u0153uvre de leur compliance anti blanchiment en automatisant leurs d\u00e9marches et leur \u00e9vitant la d\u00e9pense d\u2019un compliance officer.<\/p>\n<p>La participation au Comit\u00e9 de direction de la CARPA de Paris l&#8217;organe compliance de la profession d&#8217;Avocat.<\/p>\n<p style=\"text-align: justify;\"><em>Langues de travail : Francais &amp; anglais<\/em><\/p>\n","protected":false},"excerpt":{"rendered":"<p>D&#8217;une expertise LCB-FT d\u00e9velopp\u00e9e depuis plus de 10 ans, son exp\u00e9rience inclut : La cr\u00e9ation de l&#8217;Observatoire de la lutte anti blanchiment et contre le financement du terrorisme \u00ab OLAB \u00bb, premi\u00e8re association professionnelle sur la LCB-FT. Rassemblant de nombreux syndicats professionnels et des professionnels de la LCB-FT, OLAB organise des rencontres avec les acteurs &hellip; <a href=\"https:\/\/clementavocats.com\/index.php\/solene-clement-lab-ft\/\" class=\"more-link\">Continuer la lecture<span class=\"screen-reader-text\"> de &laquo;&nbsp;&nbsp;&raquo;<\/span><\/a><\/p>\n","protected":false},"author":1,"featured_media":0,"parent":0,"menu_order":0,"comment_status":"closed","ping_status":"closed","template":"","meta":{"_mi_skip_tracking":false,"footnotes":""},"_links":{"self":[{"href":"https:\/\/clementavocats.com\/index.php\/wp-json\/wp\/v2\/pages\/156"}],"collection":[{"href":"https:\/\/clementavocats.com\/index.php\/wp-json\/wp\/v2\/pages"}],"about":[{"href":"https:\/\/clementavocats.com\/index.php\/wp-json\/wp\/v2\/types\/page"}],"author":[{"embeddable":true,"href":"https:\/\/clementavocats.com\/index.php\/wp-json\/wp\/v2\/users\/1"}],"replies":[{"embeddable":true,"href":"https:\/\/clementavocats.com\/index.php\/wp-json\/wp\/v2\/comments?post=156"}],"version-history":[{"count":41,"href":"https:\/\/clementavocats.com\/index.php\/wp-json\/wp\/v2\/pages\/156\/revisions"}],"predecessor-version":[{"id":1107,"href":"https:\/\/clementavocats.com\/index.php\/wp-json\/wp\/v2\/pages\/156\/revisions\/1107"}],"wp:attachment":[{"href":"https:\/\/clementavocats.com\/index.php\/wp-json\/wp\/v2\/media?parent=156"}],"curies":[{"name":"wp","href":"https:\/\/api.w.org\/{rel}","templated":true}]}}